{"id":439,"date":"2024-11-01T21:47:23","date_gmt":"2024-11-01T21:47:23","guid":{"rendered":"https:\/\/evas-malerier.com\/?page_id=439"},"modified":"2025-01-19T13:06:44","modified_gmt":"2025-01-19T13:06:44","slug":"om-mig","status":"publish","type":"page","link":"https:\/\/evas-malerier.com\/index.php\/om-mig\/","title":{"rendered":"Om mig"},"content":{"rendered":"<div data-colibri-id=\"439-c1\" class=\"style-376 style-local-439-c1 position-relative\">\n  <!----><\/p>\n<div data-colibri-component=\"section\" data-colibri-id=\"439-c2\" id=\"initial-content\" class=\"h-section h-section-global-spacing d-flex align-items-lg-center align-items-md-center align-items-center style-377 style-local-439-c2 position-relative\">\n    <!----><br \/>\n    <!----><\/p>\n<div class=\"h-section-grid-container h-section-boxed-container\">\n      <!----><\/p>\n<div data-colibri-id=\"439-c3\" class=\"h-row-container gutters-row-lg-2 gutters-row-md-2 gutters-row-0 gutters-row-v-lg-2 gutters-row-v-md-2 gutters-row-v-2 style-378 style-local-439-c3 position-relative\">\n        <!----><\/p>\n<div class=\"h-row justify-content-lg-center justify-content-md-center justify-content-center align-items-lg-stretch align-items-md-stretch align-items-stretch gutters-col-lg-2 gutters-col-md-2 gutters-col-0 gutters-col-v-lg-2 gutters-col-v-md-2 gutters-col-v-2\">\n          <!----><\/p>\n<div class=\"h-column h-column-container d-flex h-col-lg-auto h-col-md-auto h-col-auto style-379-outer style-local-439-c4-outer\">\n<div data-colibri-id=\"439-c4\" class=\"d-flex h-flex-basis h-column__inner h-px-lg-2 h-px-md-2 h-px-2 v-inner-lg-2 v-inner-md-2 v-inner-2 style-379 style-local-439-c4 position-relative\">\n              <!----><br \/>\n              <!----><\/p>\n<div class=\"w-100 h-y-container h-column__content h-column__v-align flex-basis-100 align-self-lg-start align-self-md-start align-self-start\">\n                <!----><\/p>\n<div data-colibri-id=\"439-c5\" class=\"style-380 style-local-439-c5 position-relative h-element\">\n                  <!----><\/p>\n<div>\n\n\n<p><\/p>\n\n\n\n<div class=\"wp-block-media-text is-stacked-on-mobile\"><figure class=\"wp-block-media-text__media\"><img fetchpriority=\"high\" decoding=\"async\" width=\"768\" height=\"1024\" src=\"https:\/\/evas-malerier.com\/wp-content\/uploads\/2024\/09\/IMG_1149-768x1024.jpeg\" alt=\"\" class=\"wp-image-150 size-full\" srcset=\"https:\/\/evas-malerier.com\/wp-content\/uploads\/2024\/09\/IMG_1149-768x1024.jpeg 768w, https:\/\/evas-malerier.com\/wp-content\/uploads\/2024\/09\/IMG_1149-225x300.jpeg 225w, https:\/\/evas-malerier.com\/wp-content\/uploads\/2024\/09\/IMG_1149-1152x1536.jpeg 1152w, https:\/\/evas-malerier.com\/wp-content\/uploads\/2024\/09\/IMG_1149-1536x2048.jpeg 1536w, https:\/\/evas-malerier.com\/wp-content\/uploads\/2024\/09\/IMG_1149-scaled.jpeg 1920w\" sizes=\"(max-width: 768px) 100vw, 768px\" \/><\/figure><div class=\"wp-block-media-text__content\">\n<p>Mit navn er Eva J\u00f8rgensen, og jeg er f\u00f8dt i Aabenraa i 1947. Allerede tidligt begyndte jeg at male, og som ung gik jeg p\u00e5 aftenskole og senere p\u00e5 kunsth\u00f8jskole for at l\u00e6re mere. Jeg har v\u00e6ret l\u00e6rer i 33 \u00e5r p\u00e5 Tarup skole, og derefter\n                          har jeg deltaget i mange kurser p\u00e5 Den ny Kunstskole i Odense. Jeg har udstillet mine malerier p\u00e5 bl.a. Filosoffen, flere sogneg\u00e5rde og galleri Kik i Kerteminde samt galleri Langager p\u00e5 Heln\u00e6s. Jeg maler mest med akryl p\u00e5 tr\u00e6\n                          eller l\u00e6rred og er is\u00e6r inspireret af naturen. Desuden eksperimenterer jeg med forskellige flydeteknikker, hvor jeg bruger ret fantasifulde og mere abstrakte baggrunde, som jeg arbejder videre p\u00e5.<\/p>\n<\/div><\/div>\n\n\n\n<p><\/p>\n\n\n\n<p><\/p>\n\n\n\n<div class=\"wp-block-buttons is-layout-flex wp-block-buttons-is-layout-flex\">\n<div class=\"wp-block-button\"><a class=\"wp-block-button__link wp-element-button\" href=\"https:\/\/evas-malerier.com\/\">Til forsiden<\/a><\/div>\n\n\n\n<div class=\"wp-block-button\"><a class=\"wp-block-button__link wp-element-button\" href=\"https:\/\/evas-malerier.com\/index.php\/kontakt\/\">Kontakt<\/a><\/div>\n<\/div>\n\n\n\n<p><\/p>\n\n\n<\/div><\/div>\n<\/p><\/div>\n<\/p><\/div>\n<\/p><\/div>\n<\/p><\/div>\n<\/p><\/div>\n<\/p><\/div>\n<\/p><\/div>\n<\/div>","protected":false},"excerpt":{"rendered":"<p>Mit navn er Eva J\u00f8rgensen, og jeg er f\u00f8dt i Aabenraa i 1947. Allerede tidligt begyndte jeg at male, og som ung gik jeg p\u00e5 aftenskole og senere p\u00e5 kunsth\u00f8jskole for at l\u00e6re mere. Jeg har v\u00e6ret l\u00e6rer i 33 \u00e5r p\u00e5 Tarup skole, og derefter har jeg deltaget i mange kurser p\u00e5 Den ny [&hellip;]<\/p>\n","protected":false},"author":1,"featured_media":0,"parent":0,"menu_order":0,"comment_status":"closed","ping_status":"closed","template":"page-templates\/full-width-page.php","meta":{"footnotes":""},"class_list":["post-439","page","type-page","status-publish","hentry"],"_links":{"self":[{"href":"https:\/\/evas-malerier.com\/index.php\/wp-json\/wp\/v2\/pages\/439","targetHints":{"allow":["GET"]}}],"collection":[{"href":"https:\/\/evas-malerier.com\/index.php\/wp-json\/wp\/v2\/pages"}],"about":[{"href":"https:\/\/evas-malerier.com\/index.php\/wp-json\/wp\/v2\/types\/page"}],"author":[{"embeddable":true,"href":"https:\/\/evas-malerier.com\/index.php\/wp-json\/wp\/v2\/users\/1"}],"replies":[{"embeddable":true,"href":"https:\/\/evas-malerier.com\/index.php\/wp-json\/wp\/v2\/comments?post=439"}],"version-history":[{"count":8,"href":"https:\/\/evas-malerier.com\/index.php\/wp-json\/wp\/v2\/pages\/439\/revisions"}],"predecessor-version":[{"id":603,"href":"https:\/\/evas-malerier.com\/index.php\/wp-json\/wp\/v2\/pages\/439\/revisions\/603"}],"wp:attachment":[{"href":"https:\/\/evas-malerier.com\/index.php\/wp-json\/wp\/v2\/media?parent=439"}],"curies":[{"name":"wp","href":"https:\/\/api.w.org\/{rel}","templated":true}]}}